 + o**2 + 3*o. Suppose -5*k = 3*m - 23, 0 = 2*m + 2*k - 9 - 9. What is the units digit of v(m)?
3
Let l(f) = f**3 - 13*f**2 - f + 2. Let j be l(13). Suppose 15 = 2*t - 25. Let h = j + t. What is the units digit of h?
9
Let q(d) be the first derivative of d**4/6 + 11*d**2/2 + 9*d - 5. Let p(y) be the first derivative of q(y). What is the units digit of p(-5)?
1
Suppose 5*o + 1 = 31. What is the tens digit of (o/4)/((-45)/(-1380))?
4
Let g = 586 - 372. Let i = 348 - g. What is the units digit of i?
4
Suppose 15155 = -8*p + 13*p. What is the thousands digit of p?
3
Suppose 4*t + 0*c = -5*c + 53, 4*t = -3*c + 43. Let i = -1 + t. Suppose -2*f - 36 = -i*f. What is the units digit of f?
9
Suppose -11*j + 8*j = -2223. What is the hundreds digit of j?
7
Let y(c) = -c - 6. Suppose 0 = -5*x - 56 + 1. Let u be y(x). What is the tens digit of (-236)/(-10) - (-2)/u?
2
Let l(n) = -2*n - 3. Let c be ((-1 - 1) + 0)*2. Let w be l(c). Suppose b - 18 = -0*b - g, -w*b + g = -72. What is the units digit of b?
5
Let s be ((-8)/(-10))/((-2)/(-5)). Let r be (4 - 6)*(-71)/s. Suppose -k = 3*i - 77, -3*k = -3*i - k + r. What is the units digit of i?
5
Suppose 8*i = 5*i + 870. Suppose -6*o + 160 + i = 0. What is the tens digit of o?
7
Let z(o) = -12 + 9 - 7*o**2 - o**3 + 4*o**2 + 2*o. Let s be z(-4). Suppose -2*a - s + 63 = 0. What is the tens digit of a?
2
Let n = 1757 - 1131. What is the tens digit of n?
2
Let o(m) = -m**3 + 3*m**2 + 2*m + 3. Let w be o(3). What is the tens digit of (2 + 1)*93/w?
3
Let g be 5/((-2)/(-60) + 0). Suppose -7*u - 14 = -14. Suppose u = 3*t + 2*t - g. What is the units digit of t?
0
Suppose 0 = -z - 11 + 122. What is the units digit of z?
1
Suppose 7925 = 2*k - 3*f, -2*k + 8*f = 2*f - 7940. What is the units digit of k?
5
Let v(a) = -a**2 - 11*a - 13. Let o be v(-9). Let l(f) = -24*f + 3. Let y be l(-1). Suppose -q = -y + o. What is the tens digit of q?
2
Let t = 443 + -187. What is the tens digit of t?
5
Let p = 41 - -293. What is the tens digit of p?
3
Let t be (4/16)/(1 + 7/(-8)). Suppose 34 = -5*o + 4. What is the tens digit of t/(-9)*o*39?
5
Let y(q) = -q**2 + 3*q + 8. Let n be y(4). What is the hundreds digit of 37*(-4 - -11 - n)?
1
Let y(n) = n + 7. Suppose -2*g - u = 3*g, -4*u = -g. What is the units digit of y(g)?
7
Let u(g) = 3*g - 8. Let t be u(4). Suppose 2*q = w + 153, q - t*w - 63 = 3. What is the units digit of q?
8
Suppose 4*t + 8 = 0, 0 = -2*w - 6*t + t - 20. Let y = w - -57. What is the units digit of y?
2
Suppose 0 = -4*r - 4*s + 384, 2*r - 3*s - 384 = -2*r. Suppose z = 5*n - 350, -n - 5*z + r = -0*z. What is the tens digit of n?
7
Suppose 0 = 3*b - 12, 0 = -k - 0*k + 4*b - 16. Suppose k = 3*g + g. Suppose -4*t + 100 = -g*t. What is the tens digit of t?
2
What is the tens digit of -9 + 3355/22 + (-1)/2?
4
Let r(d) be the second derivative of d**4/6 - 11*d**3/6 + 3*d**2 + 2*d. What is the tens digit of r(11)?
2
Let n be 18 + (1 - 3) + 4. Let i = -3 - -3. Suppose -c + 2 + n = i. What is the units digit of c?
2
Let v(d) = 2*d**2 - 6*d - 17. Let t be 3 + -7 + 2 - (-2 + 7). What is the tens digit of v(t)?
2
Let p(j) = 5*j**2 + 5*j + 46. What is the tens digit of p(10)?
9
Let n(j) = 573*j**2 - 9*j + 4. What is the thousands digit of n(2)?
2
Let l(t) be the third derivative of -t**6/120 + t**5/5 + t**4/8 - 2*t**3/3 + 17*t**2. What is the units digit of l(7)?
2
What is the tens digit of (-1156)/(-1) - (18 + -26 - -15)?
4
Let u(p) = -9*p - 4. Let s be u(8). Let b be (s/6)/((-12)/126). Suppose 5*y = -3 + b. What is the units digit of y?
6
Let i be 266/63 + -4 - 328/18. What is the units digit of (-698)/i - (-1)/(27/6)?
9
Let f be 57/21 - (-4)/14. Let k(b) = b + 2*b - f + b - 5*b. What is the units digit of k(-5)?
2
Let i(t) be the third derivative of 17*t**7/5040 - t**6/720 + t**5/30 - 2*t**2. Let b(d) be the third derivative of i(d). What is the tens digit of b(2)?
3
Let y(b) be the second derivative of b**3/3 + 3*b**2/2 + 14*b. Let z(a) = -9*a**3 - 1. Let g be z(-1). What is the units digit of y(g)?
9
Let q be (-27)/(-6)*((-25)/(-3) - 3). Suppose 3*n - 2*n - 4*l - 14 = 0, n - 2*l = q. What is the units digit of n?
4
What is the tens digit of 268/((7/28)/1)?
7
What is the thousands digit of (-140378)/(-26) + (-46)/299?
5
Let u = 35 - -9. Suppose 67*y - 69*y = -u. What is the tens digit of y?
2
Let l(o) = -7*o - 4. Let h be l(-5). Let i(g) = g**2 - 4*g - 3. Let u be i(5). Suppose u*k = 2*w + 2*w + 26, 0 = -3*k + 2*w + h. What is the units digit of k?
9
What is the thousands digit of 2942 - ((-5)/(-20) - 84/16)?
2
Let c(s) = 231*s**3 + 4*s**2 - 5*s. Let n be c(2). Suppose -42*f + 36*f + n = 0. What is the tens digit of f?
0
Let s = 118 + -46. Suppose s - 324 = -6*f. What is the units digit of f?
2
Let r be ((-42)/35)/((-3)/(-15)). Let v be 20/(-15)*9/r. Suppose 43 = h + 4*g, 129 = 3*h - g + v*g. What is the tens digit of h?
4
Let d be (4 + 2)*(-1 + 5/3). Suppose -d*y = -3*r - 201, -3 = -r - 2. What is the tens digit of y?
5
Suppose -5*t = 0, -13*b - 536 = -14*b - 4*t. What is the units digit of b?
6
Let c(h) = h**2 - 6. Let d be c(3). Let x(j) = 5*j - 2. Let f be x(d). Let u(r) = 2*r - 11. What is the tens digit of u(f)?
1
Let w = 216 - 96. Suppose 0*z - 4*z + w = 0. What is the units digit of z?
0
Suppose 5*q = -3*b - 185 + 515, 10 = 2*b. Let p = 25 + q. What is the units digit of p?
8
Suppose -2*x + 3274 = i, 2*x = 2*i + 630 + 2650. What is the hundreds digit of x?
6
Let w = 12 - -4. Suppose z - w = 12. What is the tens digit of z?
2
Let y(u) = -u - 5*u - 8*u + 2 - 5*u. What is the tens digit of y(-1)?
2
Let x(d) = 7*d**2 - 5*d - 2. Let h be x(-2). Suppose h - 27 = -3*y. What is the units digit of (-4)/3*(-21 - y)?
4
Let f(r) be the third derivative of r**6/60 - r**5/15 + r**4/6 - r**3 - 11*r**2. Suppose 2*j - 10 + 4 = 0. What is the units digit of f(j)?
4
Let d = 2931 + -1684. What is the hundreds digit of d?
2
Suppose -2*v = -3*b + 23 + 235, -v = 2*b - 179. What is the units digit of b?
8
Suppose 2511 = m + r, 0 = 3*m - 11*r + 15*r - 7531. What is the units digit of m?
3
Suppose 0 = -5*d - 849 + 4609. What is the tens digit of d?
5
What is the units digit of 40708/14 + 44/154?
8
Suppose 42*v - 25080 = 27*v. What is the thousands digit of v?
1
Let k(z) = -z**3 - 8*z**2 - 2*z - 11. Let g be 4/(-3 + (-5)/(-2)). Let u be k(g). What is the tens digit of u + 1 + -3 - -25?
2
Let s(w) = -w**3 - w + 1. Let h(m) = 5*m**3 - 7*m**2 - 4*m - 8. Let k(b) = h(b) + 6*s(b). What is the tens digit of k(-7)?
6
Let n = 7 + -4. Suppose n*f + 4*i = 16, 4*f - 5*i - 1 = 10. Suppose -f*r = -9*r + 75. What is the tens digit of r?
1
Let p = -34 + 34. Suppose -i + 128 = -3*f - 31, i - 2*f - 158 = p. Suppose 0 = 7*v - 625 + i. What is the units digit of v?
7
Let i be 4*1 - 22/(132/90). Let j(v) = -3*v**3 + v**2 - v. Let m be j(1). Let p = m - i. What is the units digit of p?
8
Let m be (-4)/(20/(-15))*1. Suppose 10*f - 350 = m*f. What is the units digit of f?
0
Let n(i) be the first derivative of i**2/2 - 8*i + 2. Suppose 2*u + 3*u - 45 = 0. What is the units digit of n(u)?
1
Let f(t) = t**2 - 5*t. Let s be f(5). Suppose 0 = -3*u - s*u - h - 33, 3*h + 9 = 0. Let x(p) = p**3 + 9*p**2 - 12*p - 11. What is the units digit of x(u)?
9
Suppose -16*a + 5720 = 6*a. What is the units digit of a?
0
Let o = -39 - -41. Suppose -2*j + o*x + 84 = 0, j = -j - 2*x + 76. What is the units digit of j?
0
Suppose -390 = 1986*h - 1988*h. What is the tens digit of h?
9
Let j be (5 - 0) + 0/4. Suppose 26 + 44 = j*m. Let w = 22 - m. What is the units digit of w?
8
What is the hundreds digit of (3 - 7)/(-4)*3 + 488?
4
Let h(p) = -10*p - 8*p + 21 - p. What is the tens digit of h(-6)?
3
Let o = 535 - 73. What is the units digit of o?
2
Let z be 3 - (-3 + (4 - 1)). Suppose 5*r - 11 = -0*r - z*b, -19 = -r + 5*b. Suppose 0 = -5*w + w + 2*k + 18, 3*w = 5*k - r. What is the units digit of w?
7
Suppose -3*i + 5*i = -350. Let m = i + 276. What is the tens digit of m?
0
What is the units digit of (1 + (-1)/3)*(-8550)/(-10)?
0
Let m be ((-2)/(-8))/((-18)/(-360)). Suppose -593 + 113 = -m*t. What is the tens digit of t?
9
Let s(k) = -k**3 + 7*k**2 + 2*k + 20. Let h be s(7). Suppose 606 + h = 5*v + l, v - 134 = l. What is the units digit of v?
9
Suppose -4*a + 45 = 3*x, 4*x - 20 = -a + 1. Suppo